rs of j?
2, 17
Let g(r) = -3*r**3 - 14*r**2 - 14*r - 8. Let a(k) = k**3 - k**2 + k. Let m(b) = -2*a(b) - g(b). Suppose 0 = 2*h - h + 15. What are the prime factors of m(h)?
53
Suppose x - 18 = 18. Suppose -q + 4*n + 73 = -x, 2*n + 527 = 5*q. Let t = q - 4. What are the prime factors of t?
101
Let f be 48/(-72) + ((-88)/6)/2. What are the prime factors of (-3368)/f + 4 - -1?
2, 3, 71
Let x(f) be the third derivative of -f**4/6 + 172*f**3/3 + f**2 - 61*f. What are the prime factors of x(0)?
2, 43
Let a = 529 + -1122. Let d = -332 - a. List the prime factors of d.
3, 29
Suppose 27595 = 2*n + 2*p + 5699, p = 3*n - 32840. List the prime factors of n.
3, 41, 89
Suppose 4*d - m - 7 = 0, 2*d + 3*m = -0*d + 21. Suppose -9*a + d*a = 504. What are the prime factors of (-422)/(-10) - (-4 + a/(-20))?
2, 3, 7
Suppose -1724*p - 356080 = -1764*p. What are the prime factors of p?
2, 4451
Suppose 15*m + 12 = 12*m, 5*o = 2*m + 35748. What are the prime factors of o?
2, 1787
Let z = 119 + -87. Let o be (0 - (-9)/7) + z/(-112). List the prime factors of o/(8/1404) + 1/(-2).
5, 7
Suppose 2*t - 94 + 30 = 0. Let p be ((-16)/t)/(1/188). Let x = p + 174. What are the prime factors of x?
2, 5
Let o(r) = r**3 + 2*r**2 + 39. List the prime factors of o(17).
2, 5, 7, 79
Let i(y) = y**3 + y**2 - 3*y + 2. Let g be i(0). Suppose -5*w + g*t - 260 = 0, 5*w - 3*t + 73 = -182. Let a = 60 + w. What are the prime factors of a?
2, 3
Suppose -2*g = -2*w + 5212, -w + 124*g + 2622 = 119*g. List the prime factors of w.
2, 1301
Let p(o) = 195*o + 3172. What are the prime factors of p(-15)?
13, 19
Let s(j) = -j + 97. Let t(p) = -3*p**2 - p + 8. Let i be t(-3). List the prime factors of s(i).
113
Let a = -472 - -2179. Let f = 2534 - a. What are the prime factors of f?
827
Let p(h) = h**2 + 4*h - 19. Let z(f) = -f**2 + 20*f - 7. Let a be z(20). Let n be p(a). What are the prime factors of -3*((-482)/6 - (n + 1))?
2, 5
Let g(t) = 16*t - 5 + 9*t**2 + 4*t**2 + 0*t**2 - 3*t**2. List the prime factors of g(-6).
7, 37
Let b(c) = -1377*c - 1053. List the prime factors of b(-5).
2, 3
Let l(v) = v**3 + 44*v**2 - 113*v + 46. Let m = -329 + 283. List the prime factors of l(m).
2, 11, 23
Let c(q) = 2*q**2 + 15 - q**2 + 0*q**2 - 9*q. Let m(n) = -n**3 - 14*n**2 - 20*n - 79. Let s be m(-13). What are the prime factors of c(s)?
3, 17
Let p = 44969 - 20629. List the prime factors of p.
2, 5, 1217
Let y(x) = 8*x + 44. Let h be y(-5). Suppose -v - h*v + 1935 = 0. Suppose 64*l = 61*l + v. What are the prime factors of l?
3, 43
Suppose 3*m = -4*q - 391, 0*q + 4*q = 3*m + 431. Let u = 518 + m. Suppose -5*c = -4*r + u, 5*r + 4*c - 430 = c. What are the prime factors of r?
89
Let h = -414 - -416. What are the prime factors of (170/51)/(h/666)?
2, 3, 5, 37
Suppose -157*q + 159*q = 3*k + 52411, -2*q + 52435 = 5*k. What are the prime factors of q?
2, 5, 2621
Let o(i) = -15. Let c(a) = a + 31. Let u(q) = -3*c(q) - 5*o(q). Let s be u(-10). Let d = s - 0. What are the prime factors of d?
2, 3
Let w(o) = -o**3 + o**2 - 7. Let z be -1*(0 - -2) - 23. Let j = -28 - z. What are the prime factors of w(j)?
29
Let r be (-9)/(-81)*3*(-1 + 82). Let d = r + 244. List the prime factors of d.
271
Let f(w) be the first derivative of -w**3/3 + 43*w**2/2 + 45*w - 208. What are the prime factors of f(38)?
5, 47
Suppose -5*h + 4*o + 80 = 0, 4*h = 5*o + 6 + 58. Suppose -8*m - 112 = h. List the prime factors of (-3)/12 - 388/m.
2, 3
Suppose -3*d + 2*l + 42 = 147, 0 = 3*l. Let m = d - -64. Suppose 0 = -f - 2*z + 22, -5*z - 1 = f - m. What are the prime factors of f?
2, 3
Let i be 3270 - (-2 + 3)*(1 + 4). Suppose -11*n + 970 = -i. List the prime factors of n.
5, 7, 11
Let k(h) = 8*h**3 - 4*h**2 + 8*h**3 - 27*h - 9*h**2 - 15*h**3 + 53. List the prime factors of k(16).
389
Suppose 0 = 48*c - 71*c + 431756. What are the prime factors of c?
2, 13, 19
Suppose 13*m = 3*m + 300. Suppose 5*b - m = -5*u, 0 = -2*b + 4*u - 0*u - 18. Let x = b - -92. What are the prime factors of x?
3, 31
Let d(o) = -218*o - 1688. List the prime factors of d(-49).
2, 3, 1499
Suppose 4*a - a - 3*r = -9, -3*a = -r + 3. Suppose -2*h + 358 + 234 = a. Suppose 249 = 5*i - h. List the prime factors of i.
109
Let z(y) be the third derivative of -y**6/120 - y**5/20 + y**4/12 + y**3 + y**2. Let v(c) = 3*c**2 - 46*c - 6. Let t be v(0). List the prime factors of z(t).
2, 3, 17
Let y be -8 + -4 - (2 - 7). Let k be -1 + (-3)/y - 5832/(-14). Suppose 2*u + 4*v = k, 2*u + 0*v - 414 = -3*v. What are the prime factors of u?
2, 3, 17
Let r = -13 - -16. Suppose 2*s = r + 1. Suppose 0 = 2*o - 3*p - 393, 0*o = 2*o - s*p - 394. List the prime factors of o.
2, 3, 11
Let r = 12 + -7. Let x = -11257 + 11262. Suppose -x*a + 113 = 2*p, 4*a - 282 - 9 = -r*p. List the prime factors of p.
59
Suppose 4*l = -2*x - 14, -4*x + 4*l + 11 = -3*x. Let p be 85*(52/20 - x). Suppose -4*m + 0*q = q - p, -m = -2*q - 81. What are the prime factors of m?
7, 11
What are the prime factors of (15 - 17)*66655/(-10)?
13331
Suppose 0 = -22*s - 40*s + 429412. What are the prime factors of s?
2, 3463
Suppose 0 = 2*y - 0*y - 5*p - 122, -4*p = 4*y - 272. List the prime factors of -4 + 465 + y/11.
467
Suppose -19*h = -h - 18900. Let c = -727 + h. List the prime factors of c.
17, 19
Suppose -104*g = -545726 - 530778. What are the prime factors of g?
11, 941
Suppose 3*m - 199 = 2*l + 4, 2*m - 132 = -2*l. Suppose 0 = 4*b + 5*a - m, -5*b - 3*a = a - 77. Let z = b + 69. What are the prime factors of z?
2, 41
Suppose 0 = 2*f + x - 4, -5*f + 7 = 3*x - 3. Let h(p) = -5*p + 13 + p + 0 + p + 2*p**f. What are the prime factors of h(-8)?
3, 5, 11
Let u(i) = -10*i**2 + 6*i + 3. Let t be u(-2). Let h = 92 + t. Suppose c - 63 = -3*c - 3*w, 3*c - 2*w = h. List the prime factors of c.
3, 5
Suppose -428 - 697 = 5*v - 2*j, -v + 2*j - 217 = 0. Let d = 46 - v. Suppose -56 = -l - 2*g, 2*l = 7*l + 3*g - d. List the prime factors of l.
2, 3
Let t(i) = 2*i**2 + 43*i + 38. Let b be t(-22). Suppose 2*u - 2*h = -0*h + 36, -b = -4*u - 2*h. What are the prime factors of u?
2
Let j(m) = -11*m**3 - 3*m**2 + 1. Let t be j(-3). Let x be ((-1)/4*107)/(((-119)/28)/(-17)). Let z = x + t. What are the prime factors of z?
2, 41
Let d be 5/30 - (-177)/18. Let a be d/3*(-540)/(-50). Let u = 45 - a. List the prime factors of u.
3
Let x(r) = -3*r**3 - 19*r**2 - 15*r + 14. Let z be x(-12). Suppose 3*a + 2*a - 1336 = -f, 2*f = -4*a + z. What are the prime factors of f?
3, 19, 23
Let r(x) = 720*x**2 - 58*x + 172. What are the prime factors of r(3)?
2, 41, 79
Let r(s) = s**2 + 8*s. Let p be r(-7). Let o(g) = 4*g**2 - 37*g - 17. What are the prime factors of o(p)?
2, 3, 73
Let u(m) be the third derivative of m**6/24 - m**5/20 + m**4/24 - 5*m**3/6 - m**2 - 2. What are the prime factors of u(3)?
2, 53
Let i = -5287 + 8066. Suppose 8*q = -1139 + i. What are the prime factors of q?
5, 41
Let q be ((-2)/70*-14)/((-2)/(-120)). Let u(i) = -i - 2. Let t be u(4). What are the prime factors of (t - 0)/2 - q*-3?
3, 23
Suppose -10*n + 8*n = 2058. Let w = 1733 + n. List the prime factors of w.
2, 11
Let l be ((-12)/(-14))/(12*12/2688). Suppose l*k - 6054 = 8218. List the prime factors of k.
2, 223
Let y(f) = 21*f**2 + 2*f + 2. Let l be y(-2). Suppose -w = -5*k + 3*w - l, 3*k + 48 = 2*w. What are the prime factors of (-2220)/k + 6/14?
3, 53
Let h(r) = r**2 - 14*r - 25. Suppose 55 = 4*u + u - 5*z, 5*z = 3*u - 23. Let g be h(u). Let y(f) = f**2 - 5*f + 12. List the prime factors of y(g).
2, 13
Let q(f) = 4*f**2 - 5*f + 4. Let c be q(1). Let d(h) = -2*h**c - 4*h**2 - 53 + 11*h**2 + 13*h + 66. List the prime factors of d(-4).
3, 67
Suppose 88 = -39*g + 31*g. List the prime factors of (-2002)/g*(-5)/(-2).
5, 7, 13
Let y be ((6 - -1) + 1)*(-115)/(-92). Suppose y*s - 7*s - 111 = -3*f, f - 57 = 3*s. Suppose 8*w - 154 = -f. List the prime factors of w.
2, 7
Suppose -11*f = -7*f - 2*t - 488, -5*f + t = -610. Suppose 4*v - 2*g = 2130, -2*v - 4*g - f = -1212. What are the prime factors of v?
5, 107
Suppose -19016 = -498*u + 26974 + 11280. List the prime factors of u.
5, 23
Let g = -24085 - -44227. List the prime factors of g.
2, 3, 373
Let k(z) = z**3 + 107*z**2 + 16*z - 202. What are the prime factors of k(-105)?
2, 2521
Let u(f) = -18*f - f - 8 + 8*f**2 + 7 + f**3 + 14. Let r be u(-10). Suppo